4*r = 10. Suppose 0 = -5*a - d*f + 6*f + 253, -3*a + 152 = -2*f. Is a a multiple of 25?
True
Suppose 5*i + 14 = 64. Suppose 0 = 2*b - i, 5*b - 252 = -3*p + 28. Suppose 56 = 3*c + 4*a, 0 = -0*c + 4*c - 5*a - p. Does 20 divide c?
True
Let y be (-48)/(-30) - (-4)/10. Let n = 4 + y. Is (1 + 0)*(n - 3) even?
False
Let f = 0 + 2. Let n(m) = m**3 - m**2 + 2. Let k be n(f). Does 12 divide 4/k + (-34)/(-3)?
True
Let f = -3 + 21. Let h(l) = -1 + 2 + 0 + 1 - f*l. Does 28 divide h(-3)?
True
Suppose 0 = -2*t - 18 + 154. Is t a multiple of 18?
False
Let v be (75/(-21) + 1)*-7. Suppose 0 = -3*l - v + 54. Is l a multiple of 12?
True
Let o(n) = n**3 - 4*n**2 - n + 2. Does 5 divide o(5)?
False
Suppose 0 = -2*r + 24 + 10. Is r a multiple of 17?
True
Let q(l) = -l**2 - l. Let i be q(1). Is (-41)/i + 8/16 a multiple of 21?
True
Let i(f) = 11*f - 1 - 4 - 1. Let h be i(6). Suppose -2*p + 5*p = h. Is 8 a factor of p?
False
Let q(a) = a**2 - 12*a - 16. Does 10 divide q(14)?
False
Let p be 77/2 - 66/44. Let a = -22 + p. Is 3 a factor of a?
True
Suppose -g + z = -0*z, -4*g = 5*z. Suppose 0 = -g*d - 2*d. Suppose -3*l = -5*p + 95, d = -5*p - 3*l + 111 + 14. Is 8 a factor of p?
False
Let d = 16 - 11. Suppose -51 = -d*z - 11. Does 7 divide z?
False
Suppose 4*f + 2*g - 3*g = 489, 0 = 3*f - 3*g - 369. Does 30 divide f?
False
Suppose -7*k - 70 = -12*k. Is k a multiple of 3?
False
Let o(i) = 9*i - 12. Let s = -9 - -15. Is o(s) a multiple of 32?
False
Suppose 5*y - 10 = -6*m + m, -2*y + 4*m = -28. Let k be (120/8)/(y/4). Suppose 23 = s - k. Does 16 divide s?
False
Let z(l) = -61*l**3 - 6*l**2 - 7*l - 4. Let b(g) = -20*g**3 - 2*g**2 - 2*g - 1. Let i(r) = -7*b(r) + 2*z(r). Let d = 2 - 1. Does 16 divide i(d)?
False
Let r = -5 + 13. Let c(a) = a**2 + 7*a - 2*a + r - a. Is c(-6) a multiple of 10?
True
Suppose -15*v = -19*v + 136. Is 4 a factor of v?
False
Let g(n) = 12*n - 37. Is 35 a factor of g(6)?
True
Suppose -2*q = q - 12. Suppose 3*u - d = -u + 207, q*d = -12. Let t = -19 + u. Does 16 divide t?
True
Suppose -3*h + 85 = -0*h + 2*o, -3*h = 4*o - 95. Suppose 61 - h = 2*f - 3*m, -f = 5*m - 5. Is f a multiple of 15?
True
Suppose -3*l = -1 - 8. Suppose -5*p + 35 = l*q, -4*q + 3*p + 37 = -0*q. Is q a multiple of 3?
False
Let u(n) = n**2 - 3*n + 12. Is 13 a factor of u(-5)?
True
Let a(u) = 9*u - 3. Is 15 a factor of a(12)?
True
Let g be (-80)/(-6)*15/2. Suppose 2*m - 7*m + g = 0. Is 20 a factor of m?
True
Let i = 5 - 5. Let t = i - -8. Does 4 divide t?
True
Does 5 divide (-3)/3*0 + 11?
False
Is (-10 + -18)*(-1 - 0) a multiple of 7?
True
Let z be ((-6)/3)/((-6)/(-33)). Let d = z + 34. Is d a multiple of 9?
False
Suppose 3*o + 144 = 2*p - 54, 3*o + 297 = 3*p. Does 5 divide (-4)/(-14) + p/21?
True
Let c be 1*(-2 - (-1)/(-1)). Is 14 a factor of (-334)/(-6) + (-1)/c?
True
Let n be (-1 - -1)/(0 + 3). Is (n - (-3)/9)*51 a multiple of 8?
False
Let w = -163 - -209. Is w a multiple of 29?
False
Let a(k) = -4 + k + 5 - 7 - 6 + k**2. Is a(6) a multiple of 7?
False
Suppose 0*c - 172 = -2*c + 4*y, 5*c = 4*y + 436. Is c a multiple of 34?
False
Suppose -4*b + 99 = u + 2*u, 0 = u - 4*b - 49. Suppose -5*r + 4*d = -u, -r - 5*d - 5 = r. Does 3 divide r?
False
Let q(c) = c**3 + 3*c**2 - c - 1. Let d be q(-4). Let t = -7 - d. Is 4 a factor of t?
False
Let f(m) = -118*m**3 + 2*m - 1. Let v be f(1). Let s be v/(-4) + (-2)/8. Suppose -c = 3*d - s, c - 2*d = 5 + 29. Does 13 divide c?
False
Let r(i) be the first derivative of -i**2/2 + 2. Is 5 a factor of r(-7)?
False
Let b(t) = t**2 - t - 1. Let c(z) = 4*z**2 - 10*z - 4. Let j(l) = 3*b(l) - c(l). Does 4 divide j(5)?
False
Let r(t) = -3*t. Let c be r(4). Let a = c + 20. Is a a multiple of 8?
True
Let j(o) = o**2 - 8*o - 6. Let c = 11 - 2. Let w be j(c). Suppose 30 = 4*r - w*r. Does 15 divide r?
True
Let c(w) be the third derivative of 1/12*w**4 + 0*w - 3*w**2 + 1/30*w**5 + 1/6*w**3 + 0. Is 4 a factor of c(-2)?
False
Let m = -3 + 8. Suppose l - 32 = -m*b, 5*b - l - 22 = 3*l. Is b a multiple of 2?
True
Let n be (-1)/((-3)/9) - -128. Suppose 31 = -5*o + n. Is o a multiple of 10?
True
Let g(o) = o**3 - 3*o**2 + 6*o + 3. Let l(i) = 2*i**3 - 6*i**2 + 11*i + 5. Let c(m) = -5*g(m) + 3*l(m). Does 14 divide c(4)?
True
Let j = 3 - 0. Suppose -j*d + 95 = 2*d. Does 8 divide d?
False
Let a = 1 + 2. Suppose m = p + 4*p - 22, 2*m = -a*p + 8. Is 4 a factor of p?
True
Let i(t) = t**2 + t - 16. Let q be i(0). Let d = q - -55. Is d a multiple of 26?
False
Let l(s) be the first derivative of -3*s**2 + 11*s - 3. Does 19 divide l(-8)?
False
Let h(y) = -3*y**2 + y**2 - 5 + y**2 - 8*y. Let l be h(-8). Let t(m) = m**3 + 6*m**2 + 4*m + 5. Is 5 a factor of t(l)?
True
Suppose 747 = 5*u + q, 2*q + 156 = -3*u + 4*u. Is u a multiple of 25?
True
Suppose -6 = -3*g, 4*g = 4*p - 440 + 128. Suppose -4*v = -3*q + 200, -q = 5*v + 7 - p. Is q a multiple of 17?
True
Let n be 12/((-4)/(-5 - -3)). Let y(u) = 8*u - 4. Is 15 a factor of y(n)?
False
Suppose 0*l + 1260 = 9*l. Does 20 divide l?
True
Let u(o) = -67*o - 4. Let m be u(-2). Suppose 0*i - m = -5*i. Is i a multiple of 13?
True
Suppose 4*l - 3*z - 219 = l, 214 = 3*l + 2*z. Is 24 a factor of l?
True
Is 50 + (3 - (4 - 5)) a multiple of 16?
False
Let c(g) = -g + 7. Let b be c(5). Suppose 42 = 4*j + 2*r - 12, 0 = -j - b*r + 9. Is 13 a factor of j?
False
Suppose 5*m - 247 = 4*x, 5*m - 4*m + x = 44. Is 9 a factor of m?
False
Let z = -10 - -17. Is 7 a factor of z?
True
Let u(b) = -3*b - 3. Let o be (44/(-6))/((-2)/3). Let z = 3 - o. Is 14 a factor of u(z)?
False
Let w(t) = t**3 + 5*t**2 - 7*t - 9. Let x be w(-6). Let m = x + 23. Is m a multiple of 6?
False
Suppose -2*i + 18 = 3*w, -w + 8 = -4*i + 4*w. Suppose i*c - 51 = -2*r, 84 = 4*r + 2*c - 6. Does 21 divide r?
True
Let w(d) = -2*d + 1. Let k be w(2). Let z = 19 - k. Suppose 36 = f + 4*f + 4*u, 0 = -3*f - 2*u + z. Does 4 divide f?
True
Let b = -23 + 10. Let v(g) = -g**2 - 14*g + 4. Does 7 divide v(b)?
False
Suppose -4*o + 6 = 2. Let q be (o + (-6)/(-4))*-2. Does 19 divide -57*(q/3 + 1)?
True
Let y(i) = 3*i**2 + 1 + 3*i**2 + 2*i - 2 - 3*i**2. Is 16 a factor of y(3)?
True
Suppose 2*j = 2*d + d - 152, d = -2*j + 40. Is d a multiple of 11?
False
Let y(w) = w**2 - w + 4. Suppose o - 5*o = -4*k - 32, -5*k - 10 = 5*o. Is y(o) a multiple of 10?
True
Suppose 0 = 5*c - m + 96, 0 = c - 4*m - 3 + 7. Let t be (-2 - (0 + c)) + 1. Is t - (-3)/(-6)*2 a multiple of 18?
True
Let u(j) be the second derivative of 5*j**3/2 - 3*j**2/2 - 2*j. Does 16 divide u(2)?
False
Let k(d) = -d**3 - 4*d**2 - 2*d + 25. Let f(r) = 3*r**3 + 11*r**2 + 5*r - 76. Let j(p) = -3*f(p) - 8*k(p). Does 9 divide j(0)?
False
Let i(g) = -g**2 + 9*g + 12. Let z be i(11). Let l(m) = -m**3 - 7*m**2 + m - 11. Let f be l(-8). Let b = f + z. Is b a multiple of 18?
False
Suppose 0*x = x - 3*w - 5, -1 = w. Suppose x*p = 7*p - 165. Does 11 divide p?
True
Suppose 0 = m - 2*o - 21, -4*o - 7 - 2 = m. Let j = m - 5. Does 6 divide j?
True
Suppose 0*t - 161 = -u - 4*t, -5*t + 760 = 5*u. Let z be -2 + (3 - 103) + 1. Let w = z + u. Is 21 a factor of w?
False
Let x be ((-26)/3)/(6/(-9)). Suppose x - 46 = 3*w. Let v = w - -22. Is v a multiple of 4?
False
Let u(t) = 7*t + 1. Is u(16) a multiple of 18?
False
Let t(o) = -o**2 + 15*o - 15. Does 5 divide t(13)?
False
Let y = 9 + 3. Let h = y - -11. Is 12 a factor of h?
False
Let z(n) = -n**3 - 9*n**2 + 6*n + 2. Let m be z(-10). Suppose 0 = a + a - 5*p - m, -4 = 2*p. Is 16 a factor of a?
True
Let a(t) = t**3 + t + 72. Let x(c) = c**3 - 6*c**2 + 5*c. Let o be x(5). Is a(o) a multiple of 18?
True
Let t be -1 + -5 + 0 + 1. Let u(x) = -x**3 - 5*x**2 + 4*x + 5. Let i be u(t). Let g = i + 33. Is 18 a factor of g?
True
Suppose 2*c - c - 4 = -2*w, 5*w = -c + 4. Suppose 0 = 3*r + 3*f + 27, c*f = -2*r + 8*f + 6. Let a = 9 + r. Is 4 a factor of a?
True
Let v(x) = 3*x**2 + 19*x + 18. Does 15 divide v(-9)?
True
Let u(y) = -2*y**3 - 6*y**2. Suppose 2*n - 42 + 10 = -2*l, 3*n + l = 38. Suppose -3*h = n + 1. Is u(h) a multiple of 10?
False
Suppose 0*b - 4 = -2*b. Suppose -y = -2*y + b. Let p = y - -13. Is 5 a factor of p?
True
Suppose -i + 8 = 3*i. Let h = i - -5. Let g = 34 + h. Does 19 divide g?
False
Let g(o) = o - o**2 + 3*o**2 + 0*o**2. Let x(l) = -l + 5. Let a be x(4). Does 3 divide g(a)?
True
Suppose 0 = -16*g + 45 + 35. Is 2 a fact